= 0. Calculate the remainder when q is divided by 22.
18
Let c(g) = 4*g**3 - 17*g**2 + 1. Let k be 10/(14/(-35)*-5). What is the remainder when c(k) is divided by 40?
36
Let s = 44 - 50. Let r = s + 86. What is the remainder when r is divided by 42?
38
Let m be 4/(-5)*30/12 + 12. Let j = 18 + m. Calculate the remainder when 194 is divided by j.
26
Let m be ((-16)/(-8)*-2)/(1/(-76)). Let d = 331 - m. What is the remainder when d is divided by (5/2)/((-1)/(-6))?
12
Let b(g) = 4*g**2 + 203*g - 21. Calculate the remainder when b(-55) is divided by 187.
166
Let p = -6813 + 6866. What is the remainder when 144 is divided by p?
38
What is the remainder when 193/(18/(-24) - 196/(-240)) is divided by 71?
55
Let l = -23214 - -23352. What is the remainder when 687 is divided by l?
135
Let q(w) = -2 - 1 - 9 - 13 - 4*w. Let c be q(-7). Suppose t = -2*s + c*s - 93, -393 = -4*s - 3*t. What is the remainder when s is divided by 14?
12
Calculate the remainder when (796/(-22))/(17/(-187)) is divided by 12.
2
Let q = 48 + -36. Calculate the remainder when 16 is divided by 4 + ((-2)/(-1))/(8/q).
2
Suppose 0 = k + 109 - 75. Let o = k + 36. Calculate the remainder when 0 + (960/156 - o/13) is divided by 4.
2
Let i(y) be the first derivative of 5*y**2/2 + 122*y - 67. What is the remainder when 55 is divided by i(-20)?
11
Let n(h) = 6*h - 94. Suppose -4*w + 115 - 19 = 0. What is the remainder when n(w) is divided by 26?
24
Suppose -l = 2*l - 375. Suppose -24*t = 53047 - 54055. What is the remainder when l is divided by t?
41
Let k = 2125 + -197. Suppose 3*n + 3*w - k + 374 = 0, -4 = -2*w. Calculate the remainder when n/18*1*3 is divided by 18.
14
Let m(k) = -k**2 - 4*k + 1. Let q be m(-3). Let d = 18 + q. Suppose -2*c - v = -12, 0 = 3*c - 10*v + 5*v - 18. What is the remainder when d is divided by c?
4
Suppose 2*j + 88 = 6*j. Suppose 0 = -u + 14 + j. Suppose 4*y - 87 = -o, -2*o - 2*y + 258 - 54 = 0. Calculate the remainder when o is divided by u.
35
Let k = 8468 + -8437. What is the remainder when 940 is divided by k?
10
Suppose 4*b + 60 = -4*u - u, 4*u + 4*b + 48 = 0. Let i = u - -54. Let a = -3546 - -3555. What is the remainder when i is divided by a?
6
Let u(p) = -10*p - 185. Let m be u(-25). Suppose -31*y = -26*y - m. Calculate the remainder when 193 is divided by y.
11
Calculate the remainder when 55 is divided by (-10)/(-3)*615/82.
5
Suppose -5*d + 1158 = -3*s - 10137, -s = s. What is the remainder when d is divided by 22?
15
What is the remainder when 686 is divided by ((-6)/33)/1 + -5 + (-2650)/(-55)?
41
Calculate the remainder when 384 is divided by 1158/6 - (-37)/37.
190
Suppose -17*s + 90 = -22*s. Let m = s - -41. Suppose -m = -4*o + 129. Calculate the remainder when 187 is divided by o.
35
Let z = 21 - -16. What is the remainder when (45 + -22 - 6) + -28 + (158 - 1) is divided by z?
35
Let r = 28624 + -27159. Calculate the remainder when r is divided by 484.
13
What is the remainder when (13310/363)/((-2)/(-12)) is divided by 44?
0
Let a(h) = -11*h**3 + h**2 - h + 1. Suppose 49615*q - 49602*q - 312 = 0. What is the remainder when a(-2) is divided by q?
23
Let i(l) = 14*l - 16. Let q = -85 + 138. Calculate the remainder when i(8) is divided by q.
43
Let a(r) = -3*r - 41. What is the remainder when (-12)/((-9)/(-3)) - -22 is divided by a(-16)?
4
Let p = 22289 + -22282. What is the remainder when 116 is divided by p?
4
Suppose 371*x - 21127 - 3330 = 22660. Calculate the remainder when 7110 is divided by x.
125
Let c(i) = 9*i - 111. Let q be c(14). Suppose 0 = -4*n + 81 + 55. Calculate the remainder when n is divided by ((-564)/(-15) - q) + (-4)/(-10).
11
Let x be (8/6)/((-14)/(-21)). Suppose x*u - 14 = -4. What is the remainder when 57 is divided by u?
2
Let q = -15226 - -15259. Calculate the remainder when q is divided by 9 + 2/1 - 2.
6
Let m(a) = 2*a**2 - 10*a + 18. Let q be m(20). Let w = -496 + q. Calculate the remainder when w is divided by 22.
12
Let n(c) = 5*c**2 + 15*c - 50. Let p be n(5). Let x = -269 - -162. Let s = x + p. Calculate the remainder when s is divided by 15.
13
Suppose 10*n - 148 = 52. Calculate the remainder when 1609/7 + (-2 - (-44)/14) is divided by n.
11
What is the remainder when 1*3696/(-40)*(6 - -9)/(-3) is divided by 80?
62
Suppose 65*j - 14136 = 34*j. Let v = j + -216. Calculate the remainder when v is divided by 81.
78
Let i be (1 + (-38)/14)*(-70)/1. Suppose -150 - i = -18*s. What is the remainder when 44 is divided by s?
14
Let z = 20 + -17. Let f be (3 - 2)*(1 + z). What is the remainder when 78 is divided by 18 + (-1*8)/f?
14
What is the remainder when (-3)/4 - 93577/(-188) is divided by 64?
49
Suppose -114*s + 113*s - 2*i = -590, -5*i = -5*s + 3040. Calculate the remainder when s is divided by 124.
106
Suppose 4*w - 3*y = 29027, 1138*y - 1143*y + 35 = 0. Calculate the remainder when w is divided by 21.
17
Suppose 36*g + 2*g = 6*g + 11904. What is the remainder when g is divided by 190?
182
Let c = 2079 - 1933. Suppose 3*o + 2*t - 65 = t, -5*o + 111 = 3*t. Calculate the remainder when c is divided by o.
20
Suppose -q + n - 1 = 0, -2*n + 0*n = -8. Suppose -2*w + 1155 = -q*x - 140, 4*x + 1730 = 2*w. Calculate the remainder when 61 is divided by x/(-20) - 6/8.
19
Calculate the remainder when 26215 is divided by (-60088)/74*12/(-42).
231
Suppose 5*m + 3*t + 1135 - 1676 = 0, -3*m - 4*t + 329 = 0. Calculate the remainder when 282 is divided by m.
68
Suppose -14*u + 1428 = -23*u + 11*u. What is the remainder when u is divided by 92?
70
Let d(k) be the third derivative of -5/6*k**3 + 0 - 7/30*k**5 + 0*k - 1/12*k**4 - 1/60*k**6 - 8*k**2. Calculate the remainder when 44 is divided by d(-7).
8
Let q(y) = y**3 + 7*y**2 - 319*y - 1868. Calculate the remainder when 1872 is divided by q(-6).
68
Let f be (-22714)/(-574) - -1*(-3)/(-7). Suppose 5*q - 5*p - f = 0, -5*q + 4*p + 38 = p. Calculate the remainder when q is divided by 3.
1
What is the remainder when 1486 is divided by (-20)/110 + (-8)/(-88)*321?
7
Suppose 190*p = 191*p - 43. Calculate the remainder when 5329 is divided by p.
40
Suppose 4*v - 5*u - 399 = 0, 101 + 101 = 2*v - 2*u. Let k = 148 - v. What is the remainder when 208 is divided by k?
40
Let j(v) = -3*v**3 - 90*v**2 - 13*v - 218. Calculate the remainder when j(-30) is divided by 141.
31
Let k(n) = 181*n**2 + 1505*n + 4. What is the remainder when k(-10) is divided by 47?
46
What is the remainder when ((-336)/(-36))/((-1)/3 - -1) is divided by 156/39*(-2)/(-4)?
0
Suppose 250 = 18*s - 2. Calculate the remainder when s is divided by (-3)/6*16/(-2).
2
Suppose 0 = -17553*r + 17486*r + 12864. What is the remainder when r is divided by 12?
0
Suppose 21*r - 19*r - 4*j = 228, j = 3*r - 347. Calculate the remainder when 3824 is divided by r.
112
Suppose -2*g - 38 = -4*w, 21*w - 5*g + 65 = 31*w. Calculate the remainder when 287 is divided by w.
7
Suppose -2*p - 360*z + 53 = -355*z, 0 = -3*z - 3. What is the remainder when 245 is divided by p?
13
Let b = 201 + -140. Let f = b + -27. What is the remainder when 373 is divided by f?
33
Let h be (-9)/6*(-108 + -3)*2. Let i = -186 + h. Calculate the remainder when i is divided by 30.
27
Suppose -3*j + 7*j - 15 = p, 0 = -4*p + j. Let h = 18 - 11. Calculate the remainder when 36 - (p - (-14 - -6)) is divided by h.
6
Suppose 11*a - 5*a + 144 = 0. Let n be (a + 6)*3/(-9). Suppose 8*d - n*d - 8 = 0. Calculate the remainder when 16 is divided by d.
0
Let h(f) be the second derivative of 7*f**4/12 + 5*f**3/3 + 8*f**2 - 112*f. What is the remainder when 144 is divided by h(-3)?
46
Suppose n + h = -0*n + 7, 4*n - 4*h - 12 = 0. Suppose -4*w + 186 = -s - 26, n*s + 176 = 3*w. Let c = w + -5. Calculate the remainder when c is divided by 16.
15
Suppose -22*a + 21*a + 28 = -2*r, 22 = a + r. What is the remainder when 296 is divided by a?
8
Let k(r) = 0*r**2 + 4 + 6*r**2 + r + r**3 - 4 - 1. Suppose -16*l = -342 - 1338. Calculate the remainder when l is divided by k(-4).
24
Suppose -2*p - 88 = 128. Let g = p - -128. Calculate the remainder when 43 is divided by g.
3
Let w(r) = 30*r**3 - 7*r**2 + 33*r - 50. Calculate the remainder when 457 is divided by w(2).
1
Suppose 3*o = 3*r, 0 = -3*r + 7*o - 2*o + 8. Let t be (-245)/(-21) + r/6. Suppose 49 + t = 4*p. Calculate the remainder when p is divided by 